*3 - 6*f**2 - f. Let i(n) = -n + 13. Suppose 5*g = 43 - 8. Suppose 6*l - g = 5*l. Let r be i(l). Calculate d(r).
-6
Let t = 235 + -218. Suppose -12*z + 11*z + t = 0. Let p(w) = -w**3 + 17*w**2 - 13. What is p(z)?
-13
Let y = 37881 - 37894. Let j(g) = g**2 - 13*g - 332. Determine j(y).
6
Let g(b) be the second derivative of b**3/3 + 2*b**2 + b. Let u(k) = 2*k**2 - 8*k + 26. Let p be u(3). Let d be -24 + p + -2 + (-4)/(-2). Determine g(d).
-4
Let x(a) = 133*a**2 - 451*a**2 + 21*a + a**3 + 143*a**2 - 16 + 158*a**2. Give x(16).
64
Let k(d) = -d**3 + 7*d**2 + 11*d - 7. Suppose z - 9 = -4*j + 19, 0 = -2*j - 3*z + 4. Let q(y) = 11*y - j*y + y - 4. Let b be q(3). What is k(b)?
17
Let v(i) be the second derivative of -i**3/2 + 23*i**2/2 + 4050*i. Determine v(-1).
26
Let k(b) be the first derivative of 7*b**2/2 + 74*b + 934. What is k(-13)?
-17
Let o = -648 - -654. Let j(p) be the third derivative of 1/3*p**4 + 2/3*p**3 + p**2 + 0*p - 1/30*p**5 + 0. Give j(o).
-20
Let i(h) = -h**3 - 23*h**2 - 5*h - 122. Let w(f) = -85*f + 10602. Let m be w(125). Give i(m).
-7
Suppose -v - 3*o + 10 = -3*v, 4*o = v + 5. Let i(q) = q + 67. Let f(r) = 37. Let b(l) = 2*f(l) - i(l). Determine b(v).
12
Let v(z) = 27*z + 5. Suppose -5*d - 5 = 3*l - 14, -5*l + 2*d - 16 = 0. What is v(l)?
-49
Let f(c) = -9*c + 2. Suppose -t - 17 + 3 = 0. Let p be (30/5)/(-18) - t/6. Calculate f(p).
-16
Let k be (-4)/22 + 14/77. Let f(h) = 4*h**2 + 70*h + 2 + k - 60*h - 3*h**2 + 0. Give f(-10).
2
Let o(a) = -31*a - 4. Let n be (17 - 270/16)/((-1)/16*-2). What is o(n)?
-35
Let g = 6 - 4. Let f(s) be the third derivative of -5*s**4/24 - s**3/6 + 38881*s**2. Calculate f(g).
-11
Let f(s) = -s**3 - 7*s**2 - 16*s - 1. Let d be 11*(-264)/484 + (-3 - -1). Give f(d).
191
Let w be (-2)/4 + (-9)/(-6). Let c = -8 - w. Let u(b) be the second derivative of b**5/20 + 3*b**4/4 + 3*b**2/2 - 65153*b. Give u(c).
3
Suppose 5*h + 3*o = -40, 8 = -h + 33*o - 32*o. Let y(d) = d**3 + 8*d**2 + 13*d + 15. Determine y(h).
-89
Let q(m) = 16*m**2 + 16*m - 8. Let i(d) = d**3 + 48*d**2 + 43*d - 24. Let u(o) = 3*i(o) - 8*q(o). Calculate u(-5).
12
Let k(g) be the second derivative of g**5/60 - g**3/2 - 5*g**2/2 + 76*g. Let j(f) be the first derivative of k(f). Determine j(4).
13
Let h = 153 + -134. Suppose -4*z = -39 + h. Let a(o) = o**3 - 6*o**2 + 7*o - 6. Calculate a(z).
4
Let u be (-93)/12 - (-3)/(-12). Let o be 53/8 + (143/104 - 1). Let a(k) = -69*k + o*k**2 + k**3 + 128*k - 2 - 70*k. Determine a(u).
22
Let i(o) = 27*o + 2. Suppose 0 = -2*k, 0*b - k + 8 = 8*b. Give i(b).
29
Let h(x) = -x**2 - x + 22. Suppose -o - 2*z + 23 = 0, 2*z = -3*o + 3*z + 104. Suppose -3*y + 151 = 52. Let k = o - y. Determine h(k).
22
Let n be (-300)/35 - -5 - 20/14. Let i(g) = -g**3 - 4*g**2 + 7*g + 12. What is i(n)?
2
Let h(k) = 16*k**2 - 44*k**2 + 3 + 9*k**2 - 7*k + 13*k**2 + 7*k**2. Give h(5).
-7
Let i(h) = 52*h**2 + 2*h - 10. Let m(r) = 142*r**2 + 8*r - 30. Let d(v) = 11*i(v) - 4*m(v). Calculate d(5).
60
Suppose 20*k - 176 = 224. Let u(m) = m - 23. Let r be u(k). Let h(n) = -n**3 - 3*n**2 + n - 2. Calculate h(r).
-5
Let w(h) be the first derivative of -5*h**4/2 - h + 6. Let g be (-339)/9 + (-4)/12. Let b = g + 37. Calculate w(b).
9
Let z(u) = -7*u**2 - 6*u + 888 + 5*u + 10*u + u**3 - 897. Suppose 9 - 21 = 3*o. Let g be 26/4 + 2/o. Give z(g).
9
Let d(k) be the third derivative of -k**6/120 - k**5/30 - k**4/24 - 7*k**3/6 - 118*k**2 - k. What is d(-3)?
5
Let r(p) = 11*p**3 + 112*p**2 + 25*p + 45. Let o be r(-10). Let n(u) = 6*u**2 - 9. Calculate n(o).
141
Let q(y) = y**3 - y**2 + 2*y + 1. Suppose 5*j - 16 = 4. Suppose 0 = -145*n + 1743 - 583. Suppose 0 = 4*t - 3*b - n, -b - 8 = -j*t. Calculate q(t).
9
Let h = 555 - 553. Let x(y) = y**h + 10*y + 0*y + 15 - 21*y. What is x(6)?
-15
Let p(h) be the third derivative of -h**6/120 - h**5/15 + h**4/8 + h**3/2 + 892*h**2. What is p(-3)?
-15
Let x(b) be the third derivative of b**6/60 + b**5/30 - b**4/24 + 1086*b**2 + b. What is x(-2)?
-6
Suppose 2*s - s + 4*z = 9, -2*z = -4*s. Let w(r) = r**3 + 20*r**2 + 2*r + 45. Let p be w(-20). Let c(j) = 39*j + 39*j - 81*j + s - p. Calculate c(-6).
14
Let a(d) be the second derivative of -d**5/20 - 13*d**4/12 - 2*d**3 + 7*d**2/2 - 883*d - 2. Determine a(-12).
7
Let u(z) be the third derivative of z**4/6 - 2*z**3/3 + 317*z**2. What is u(0)?
-4
Suppose -l + 4 = l. Suppose -4*g + f + 28 = 0, -l*g - 14 = -4*g + 4*f. Let r(q) = 3*q - 14. Let v be r(g). Let o(k) = -k**3 + 7*k**2 - 2*k + 2. What is o(v)?
-12
Let d = -66 + 68. Let u be (1 + -5)*((-4)/(-2))/d. Let f(c) = -3 + 0*c**2 - c**3 - 3*c**2 - 4*c - 2*c**2. Determine f(u).
-3
Suppose 0 = 8*q - 13*q + 15, -2*j + 14 = 2*q. Suppose 0 = j*b - 10*b - 66. Let g(r) = -r**2 - 11*r + 5. Determine g(b).
5
Let n(k) be the second derivative of 0 - 1/3*k**3 - 2*k**2 - 3*k - 1/12*k**4. Let a(m) = -m**3 + 3*m - 1. Let b be a(2). Give n(b).
-7
Let q(i) = -10*i + 3 - 14*i**2 - 4*i + 10*i - 1 - 4. Give q(-1).
-12
Let t = -28 + 18. Let z be (20 - 17)*(-4)/(-6). Let i(y) = y**z - 7*y**2 + 12*y + 5*y**2 + 2*y**2 + 15. Give i(t).
-5
Let w(a) be the first derivative of -a**6/120 + 11*a**5/60 + a**4/12 - 2*a**3 + a**2 - 17*a - 81. Let g(q) be the second derivative of w(q). What is g(11)?
10
Let x(t) = -t**3 + 18. Let g = 85 + 153. Let p = g + -238. Give x(p).
18
Let m(l) = 5*l**2 - 5*l + 9. Let n(h) = h**2 - 2*h + 1. Let r(u) = m(u) - 4*n(u). Give r(-3).
5
Let o(k) = -2*k**2 + 27*k + 5. Let u(y) = -y**2 + 9*y + 2. Let n(i) = -3*o(i) + 8*u(i). Let l(s) = -2413*s + 19297. Let j be l(8). What is n(j)?
-34
Let y(x) = -11*x**2 - 11*x + 4. Let m(j) = -55*j**2 - 48*j + 21. Let n(z) = -2*m(z) + 11*y(z). Give n(-2).
8
Let h(r) = -2*r**3 + 2*r**2 + 54. Suppose -4*m - d - 8 = 0, -17*m + 20*m + 4*d + 32 = 0. What is h(m)?
54
Let t be 3*7/(-147) + 240/14. Let y(a) be the third derivative of t*a**2 + 0*a + 1/6*a**3 + 0 + 1/4*a**4. What is y(1)?
7
Let s be -1 - 0 - 3 - -6. Suppose -4*x - 1 + 3 = s*i, 2 = 2*i + 2*x. Let m(d) = d - i - 3 - 2*d. Calculate m(-7).
3
Let s(k) = 2*k**3 + 15*k**2 - 16*k**2 + 503 - 7*k - 507. Calculate s(3).
20
Let w(l) be the third derivative of -l**5/60 - 5*l**4/24 + 2*l**2. Let s be (-556)/16 - 1/4. Let q(f) = f + 31. Let c be q(s). Give w(c).
4
Let o(f) = f**2 - 93*f + 1746. Let l be o(26). Let t(i) = -3*i**3 + 11*i**2 - 2*i - 8. What is t(l)?
-32
Let h(o) = 15*o - 100. Let j(b) = -31*b + 217. Let c(u) = 9*h(u) + 4*j(u). What is c(8)?
56
Let g(k) = -2*k**3 - 4*k**2 - 3*k - 5. Suppose -7*b = -69*b - 33 - 153. Give g(b).
22
Let l = 6394 - 6378. Let g(b) = -3*b + 22. What is g(l)?
-26
Let u(n) = -n**3 + 8*n**2 + n - 5. Let k(o) = -4*o**2 - o + 2. Let s(y) = 5*k(y) + 2*u(y). Let c be (-92)/(-460)*(-4 - 6)*1. Calculate s(c).
6
Let z(a) = -5*a + 14. Let m(u) = 26*u - 69. Let x(f) = -2*m(f) - 11*z(f). Suppose -153 = -27*k - 18. Give x(k).
-1
Let a(w) be the first derivative of -9*w**2 - 23*w + 1059. Determine a(-4).
49
Let b(r) = r + 5. Let n be b(-5). Suppose -y + 4*y - 21 = n. Let c(j) = -23*j + 59. Let u(k) = -4*k + 11. Let m(g) = -c(g) + 5*u(g). What is m(y)?
17
Suppose 2*c - 2 = i - 2*c, -4*i = 3*c - 11. Suppose 9*j = j + i*j. Let z(w) = -w**3 - w - 2. Determine z(j).
-2
Suppose -2*s + 3*n = -2, -5*s - 18 = -0*s + 4*n. Let u(y) = 15*y**2 + 8*y - 36. Let v(b) = 11*b**2 + 6*b - 26. Let d(k) = 8*u(k) - 11*v(k). Determine d(s).
-2
Let p(h) = 14*h**2 - 5*h + 5. Let c be p(1). Let r be (-130)/(-18) + c/(-63). Let j(n) = -n + 7. Give j(r).
0
Let d = -17 + 15. Let p(i) be the third derivative of 0*i + 1/24*i**4 + 0 - 1/60*i**5 - 1/60*i**6 + 11*i**2 - 1/6*i**3. What is p(d)?
9
Let w(s) = s**3 - 10*s**2 - 13*s - 4. Suppose 0 = 237*j + 124*j - 4332. Determine w(j).
128
Let o(w) be the third derivative of -7*w**5/30 - 65*w**4/24 + 20*w**3/3 - w**2 - 5. Let x(k) = -3*k**2 - 16*k + 10. Let l(c) = 2*o(c) - 9*x(c). What is l(13)?
3
Let j(u) = -35*u**3 + 36*u**3 + 11*u - 2 - 3 - 9*u**2. Let o be 3*130/(-45) + 9 - 40/(-6). What is j(o)?
-26
Let g(u) = -u - 6. Suppose -45 = -4*t + 87. Let f = 28 - t. Let j(n) = -n**3 - 5*n**2 + n + 11. Let s be j(f). Give g(s).
-12
Let d be 885/6*(336/35)/(-8). Let c = d + 177. Let m(x) be the first derivative of -x**2/2 + 3*x + 1. Determine m(c).
3
Let x(s) = -5*s**3 + 2*s**2 + 2*s + 1. Let i(r) = -r**3 - 8*r**2 - 1